*f + 4*t + 107 = -34, -5*t = -5. Let m = f + 56. What is the tens digit of m?
8
Let s be ((-2)/6)/((-3)/27). Suppose -s*u - 264 = -11*u. What is the tens digit of u?
3
Suppose 21*q - 1560 = 15*q. Suppose 0 = 4*p - q + 4. What is the tens digit of p?
6
Let m(f) = -f - 2. Let v be m(-5). Let l = -45 + 79. Suppose v*j = l + 20. What is the tens digit of j?
1
Suppose -2 = -0*p - p. Let q(h) = -h**3 - 11*h**2 - 15*h - 9. Let t be q(-10). Suppose -2*a - t = -5*u + 24, u - p*a = 21. What is the units digit of u?
1
Let a = 118 - -135. What is the units digit of a?
3
Let a = 82 + -78. Suppose -a*f - 2*m + 136 = -3*f, -558 = -4*f - m. What is the tens digit of f?
4
What is the units digit of (-1 - (77 + -5))*-3?
9
Let y(a) = -2*a - 1. Let x be y(-1). What is the units digit of (x - (1 - 1))/(14/2226)?
9
Suppose -k + 6 = 2*k. Suppose -3*v + 3*a = -9, -a + 11 = v - k. Suppose 12 = -4*h, 2*x = -h + v + 3. What is the units digit of x?
7
Suppose 2*j - 5*j = -2*v + 24, 3*j = 0. Let q = 17 - v. Let a = 7 - q. What is the units digit of a?
2
Let w(k) = 5*k**2 + 11*k - 2. What is the tens digit of w(-3)?
1
Suppose -25*i + 5950 + 45850 = 0. What is the units digit of i?
2
What is the hundreds digit of (-3)/(-4) + 3990/24?
1
Let q be -6*1/(-3*1). Let a = 80 - 78. Let m = q + a. What is the units digit of m?
4
Suppose 122 = -3*f - 0*f + 5*s, -s + 196 = -5*f. Let x = -6 - f. What is the units digit of x?
3
Let v(y) = -2*y. Let u be ((-1 - 1) + 1)*-1. Let c be v(u). Let t(q) = 7*q**2 - 3*q - 1. What is the units digit of t(c)?
3
Let o be ((-106)/6)/(1/12). Let g = -78 - o. Suppose 4*v - 216 = -5*b, v - 3*v + g = -4*b. What is the tens digit of v?
5
Let l(s) = 4*s - s - 16 + 6. Let b be l(8). Suppose 3*h = -b + 155. What is the tens digit of h?
4
Suppose 4*r + 3*f = 741 + 2149, 2*f - 1446 = -2*r. What is the tens digit of r?
2
Let p(d) = d**3 - d**2 + 5*d + 1. Let a(u) = u**3 + 6*u + 2. Suppose -3*v - 13 = -4. Let k(r) = v*a(r) + 4*p(r). What is the units digit of k(4)?
6
Let z = -2595 - -4607. What is the hundreds digit of z?
0
Let d be (-6)/(-15) - (-10)/(-25). Let g be (-1)/(2/2)*d. What is the tens digit of 0 - g - (-50 + 0)?
5
Let l be (-426)/(-14) + (-3)/7. Let p be 1060/l*(-9)/(-2). What is the tens digit of (-8)/12 + p/9?
1
Let n(a) = -a**2 - 11*a - 4. Let x be 1/(-4) + 105/(-12). Let q = x - 1. What is the units digit of n(q)?
6
Let z be (0 + -1)/(2/(-46)). Let y = 15 - z. Let c = 46 + y. What is the units digit of c?
8
Suppose 0 = -3*i - a + 7511, -4*a - 36 = -32. What is the hundreds digit of i?
5
Suppose 22*h = h + 25851. What is the units digit of h?
1
Suppose -2*o - 1 = -125. Suppose 0 = 5*l - 15, -o = 3*h - 2*h - 5*l. Let d = h + 71. What is the tens digit of d?
2
Suppose 4*f = -4*q + 2636, -3*f = -f + 4*q - 1314. What is the tens digit of f?
6
Suppose 444 + 2028 = 4*w. What is the tens digit of w?
1
Suppose 10 = -5*q + 4*b, -4*q = 3*b - 0*b + 39. What is the tens digit of -4 + (-3)/q*188?
9
Let t = 180 + -84. Let c = t + -59. What is the units digit of c?
7
Let j = 1 - -3. Suppose 4*t - 5*b = 120, 4*t = b - j*b + 152. Suppose -45 = -5*z + t. What is the units digit of z?
6
Suppose 4*r - 6*r = 6. Let a = -21 - r. What is the units digit of 948/108 - 4/a?
9
Let i = -3 + 6. Suppose -i*p - 81 = -2*z - 6*p, -4*z - 2*p = -166. What is the units digit of z?
2
Suppose 31*u + u = 3392. What is the hundreds digit of u?
1
Suppose 15*a - 2764 = 2291. What is the units digit of a?
7
Suppose -64*j + 217560 = -15*j. What is the units digit of j?
0
Suppose -1 = r - 3. Suppose -3*w + 2 = 4*q, -3*w - 3 - 3 = 0. Suppose 20 = r*p - 2*x, 2*p = -q*x + 5*x + 18. What is the tens digit of p?
1
Let h(g) = g**2 - 2*g - 12. Let j be h(5). Suppose 5*n + 21 = j*y, -4*y + 1 = n - 4. Suppose -y*k = 15 - 53. What is the tens digit of k?
1
Let a(b) = -4*b**3 - 2*b**2 - 4*b - 13. What is the tens digit of a(-4)?
2
Let p be -3 + 194/(-18) - 4/18. What is the tens digit of 77 + (-7)/(p/8)?
8
Suppose 13*u - 17*u = 180. Let y = 111 + u. What is the units digit of y?
6
Let z(j) = j**3 + j**2 + j - 11. Let h be -4 + 7/(28/16). Let p be z(h). Let l = 16 + p. What is the units digit of l?
5
Let l be ((-2)/7)/((-6)/42). Suppose i - 4*r - 43 = 45, l*i = 4*r + 184. What is the units digit of i?
6
Let q(p) = -p. Let u(s) = -5*s + 2. Let x(w) = q(w) + u(w). What is the units digit of x(-7)?
4
Suppose 2*c - c - 9 = 0. What is the units digit of (1 + 15)*-1*c/(-2)?
2
Let k = 12 - 12. Let p = k - 0. What is the tens digit of 16 + p + 0 + -1?
1
Suppose 0 = o + 5*t + 21, 0 = -5*o + 2*t - 6*t - 168. Let l be o/(-21) + 6/21. Suppose -2*q - 335 = -7*q + k, l*q + 4*k - 112 = 0. What is the tens digit of q?
6
Let k be ((-2)/(-2) - -4)*1. Suppose 2*a - k*a = -15. What is the units digit of a/(-10) - 42/(-4)?
0
Suppose 0 = 5*j - l - 938, 5*j + 3*l = 5*l + 936. Suppose -6*n + 286 = -j. What is the units digit of n?
9
Let k = 0 + 2. Suppose 2*x + 30 = 5*v, -k*x - 2 = v - 8. Suppose -2*p = -p - v. What is the units digit of p?
6
Suppose 9*t - t + 24 = 0. What is the tens digit of (-12)/78 - t/(117/2892)?
7
Suppose -37279 = -18*v - 6409. What is the tens digit of v?
1
Suppose 4*j + 9 = 5*j + o, -2*j + 42 = -4*o. Suppose j*c - 158 = -15. What is the tens digit of c?
1
Let z be -2 - (-4 - (-1 - -2)). Let p be (-3)/((-15)/(-3) + -3 + -5). What is the units digit of z + p - (5 + -3)?
2
Suppose -4*s + 5622 = 2*l, 0 = 3*l + 4*s - 10342 + 1911. What is the units digit of l?
9
Let b be (-3)/(36/(-8))*21. Suppose 0*i + 2*i + b = -2*a, 0 = -4*i - 5*a - 30. What is the tens digit of i/(30/(-27))*4?
1
Let j(u) = 0 - 6 + 4*u - 10 + 4. What is the tens digit of j(14)?
4
Suppose 57 = -d + 219. Suppose f + d = 2*f + 2*h, 304 = 2*f - h. What is the tens digit of f?
5
Suppose -2*h - 9 = h. Let t(w) = -9*w - 6. What is the tens digit of t(h)?
2
Let f = 1 + 5. Suppose 4*a - 6 = f. What is the units digit of 1 - (-6 + (a - 1))?
5
Let k(m) = -m**3 + m**2 + 156. Let o be k(0). Suppose o = 24*x - 21*x. What is the units digit of x?
2
Let u(s) = s**2 - 49*s + 3. What is the units digit of u(53)?
5
Suppose -21*r = 47954 - 142727. What is the tens digit of r?
1
Let d(t) = 4*t**3 - 9*t + 19. What is the units digit of d(6)?
9
Let p be (-21)/(-27) - (-1)/(9/2). Let b(u) = 130*u - 2. What is the hundreds digit of b(p)?
1
Suppose 10585 = 19*z - 8339. What is the units digit of z?
6
Let o(m) be the first derivative of m**4/4 + 8*m**3/3 + 7*m**2/2 - 4*m - 2. Let a be o(-7). Let w(z) = -7*z - 5. What is the tens digit of w(a)?
2
Suppose -3*p = 23 + 4. Let l(a) = -a**2 - 12*a - 4. Let y be l(p). Let w = y + -3. What is the units digit of w?
0
Let x(a) = -22*a + 155. What is the units digit of x(7)?
1
Suppose 2*z = 171 + 63. Suppose 2*r - z = -31. What is the units digit of r?
3
Let w(c) = c - 1. Let a be w(2). Let x(b) = 174*b**3 - b**2 + b - 1. What is the tens digit of x(a)?
7
Suppose 18*m = 15*m + 5*i + 2595, 0 = 5*m + 3*i - 4291. What is the units digit of m?
0
Suppose -a = a + 5*k - 378, -2*k = -5*a + 916. What is the tens digit of a?
8
Suppose -3*c - c = -u + 5, 5*u + 5*c = 25. What is the units digit of (-366)/(-8 + u) - (-3 + -1)?
6
Let l(m) = -m**3 + 7*m**2 + m + 9. Let w be l(4). Let q = w + 55. What is the hundreds digit of q?
1
Suppose 0*y - 4*y = 4*k + 224, 3*y = -2*k - 117. Let c be 2/(-1 - (-51)/57). Let o = c - k. What is the tens digit of o?
3
Suppose 4*t = -3*l + 211, -t = l + 21 - 73. Suppose 2*x = -0*d - 4*d + 56, -2*x - 3*d = -t. What is the units digit of x?
6
Suppose -803 = -s - 154. What is the hundreds digit of s?
6
Let x be 3/2*(-442)/(-39). Let c = x - -11. What is the tens digit of c?
2
Let q(u) = 178*u - 210. What is the tens digit of q(8)?
1
Let n(r) = -r**2 + 9*r - 7. Let x be n(8). What is the tens digit of x + -3 - -68 - -2?
6
Suppose -2*x = x + 3*w - 2406, 2*x = 2*w + 1616. What is the units digit of x?
5
Let t(k) = k**3 + 5*k**2 - 2*k. Let u be t(-4). Suppose g + 2 = -2*q, g - u - 4 = 4*q. Suppose -722 = -g*o - 138. What is the tens digit of o?
7
Let o(b) = 2*b + 16. Let r be o(-5). Suppose 0 = 3*n - 3*m + 261, 0 = -4*m + 2 - 14. What is the units digit of ((-2)/r)/(2/n)?
5
Suppose 30813 = -30*o + 135273. What is the units digit of o?
2
Let y(k) = 6*k**2 - 3*k + 5. Let z(c) = 2*c**2 + 12*c + 3. Let l be z(-5